est common divisor of 38 and 33321611.
19
Calculate the greatest common factor of 13750 and 15102725.
275
Calculate the highest common divisor of 183124940 and 7240.
3620
Calculate the highest common factor of 2061180 and 675.
135
What is the greatest common divisor of 173 and 253666786?
173
Calculate the greatest common divisor of 9739212 and 184.
92
What is the greatest common divisor of 1971065 and 2465?
85
Calculate the greatest common divisor of 32917535 and 35.
35
What is the greatest common divisor of 1538 and 4391759?
769
Calculate the highest common divisor of 37095312 and 48.
48
What is the greatest common divisor of 164 and 291180196?
164
What is the greatest common divisor of 189900321 and 39?
39
Calculate the greatest common divisor of 796610 and 14800.
370
What is the highest common divisor of 42070413 and 231?
231
Calculate the highest common factor of 3388783 and 118.
59
What is the highest common divisor of 14019844 and 4?
4
Calculate the greatest common divisor of 1157058 and 1323.
189
What is the greatest common divisor of 59088996 and 180?
36
Calculate the greatest common factor of 15132 and 89076.
156
What is the greatest common divisor of 223414 and 2278?
34
What is the greatest common divisor of 64959 and 23600?
59
What is the highest common divisor of 109788945 and 22560?
705
What is the highest common divisor of 203348 and 47792?
116
Calculate the greatest common factor of 183197 and 3101.
7
Calculate the greatest common factor of 1740052 and 5882.
34
Calculate the highest common factor of 352 and 395802688.
32
What is the highest common divisor of 4185 and 360003?
93
Calculate the greatest common divisor of 5145770 and 630.
70
What is the greatest common factor of 3011 and 115011167?
3011
What is the greatest common divisor of 67131530 and 7300?
730
Calculate the greatest common divisor of 9867 and 899547.
33
What is the highest common divisor of 240 and 107082960?
240
Calculate the highest common factor of 38375 and 11240.
5
Calculate the greatest common factor of 1440 and 1758420.
180
Calculate the highest common factor of 622251 and 1497071.
1411
Calculate the highest common divisor of 1292 and 12504299.
323
Calculate the greatest common factor of 5367857 and 11.
11
What is the highest common factor of 8458010 and 990?
110
Calculate the greatest common divisor of 1590 and 12466395.
795
What is the highest common divisor of 5 and 775610?
5
Calculate the highest common divisor of 13 and 13635141.
13
Calculate the greatest common factor of 12323123 and 626.
313
What is the highest common divisor of 79 and 70965937?
79
Calculate the highest common divisor of 9978114 and 202620.
1842
What is the highest common factor of 27495 and 250839?
423
Calculate the greatest common divisor of 411347314 and 42.
14
What is the greatest common factor of 176579 and 451529?
611
What is the greatest common factor of 1664 and 1019954?
26
What is the greatest common divisor of 6752152 and 44?
44
What is the greatest common factor of 333 and 116138079?
333
What is the highest common factor of 46433069 and 34?
17
What is the greatest common factor of 91403760 and 164?
164
Calculate the greatest common divisor of 5524028 and 133068.
3412
Calculate the greatest common factor of 4097800 and 14270.
10
Calculate the highest common divisor of 365 and 19949951.
73
What is the highest common divisor of 2289 and 10943772?
21
Calculate the greatest common divisor of 100956 and 39386.
94
What is the highest common divisor of 1 and 4552208?
1
Calculate the highest common divisor of 255150 and 116775.
675
What is the greatest common divisor of 656 and 79229872?
16
Calculate the greatest common factor of 84616 and 124264.
56
What is the greatest common divisor of 61103024 and 1264?
1264
Calculate the greatest common factor of 296 and 29479306.
74
What is the highest common factor of 44688 and 5867064?
1176
What is the highest common divisor of 21160 and 138194120?
920
What is the highest common divisor of 182 and 221331942?
26
What is the highest common factor of 1822195 and 1368?
19
Calculate the highest common divisor of 6366 and 101760.
6
Calculate the greatest common factor of 19311312 and 872.
872
Calculate the highest common factor of 1216 and 16484894.
38
What is the greatest common divisor of 996377572 and 31?
31
What is the highest common divisor of 2758864420 and 52?
52
What is the greatest common divisor of 23446 and 140012108?
1234
What is the highest common factor of 1995 and 68955?
15
Calculate the greatest common factor of 207638865 and 9.
9
What is the greatest common divisor of 2608981518 and 39?
39
Calculate the greatest common factor of 46259442 and 18.
18
What is the greatest common factor of 101244463 and 1195?
239
What is the greatest common divisor of 111522 and 102?
6
What is the highest common factor of 5211 and 26469564?
579
What is the greatest common factor of 141200350 and 186?
62
What is the greatest common divisor of 14912 and 108416?
64
What is the greatest common factor of 898 and 28706?
2
What is the greatest common divisor of 49218 and 92586?
78
Calculate the greatest common divisor of 5764980 and 190380.
1140
What is the greatest common divisor of 6467265 and 349860?
5145
What is the greatest common divisor of 3765 and 98555?
5
Calculate the greatest common divisor of 2605608 and 5238.
54
What is the greatest common divisor of 673 and 179207113?
673
What is the greatest common factor of 639496161 and 10503?
10503
What is the highest common divisor of 116402580 and 126?
126
Calculate the highest common divisor of 10 and 192231675.
5
What is the greatest common divisor of 11276244 and 8932?
812
Calculate the highest common divisor of 3619 and 3587353.
77
Calculate the greatest common divisor of 71417 and 3808.
17
What is the greatest common divisor of 729 and 1625103?
81
What is the highest common divisor of 4454913 and 9027?
177
What is the highest common factor of 132012840 and 10?
10
Calculate the greatest common factor of 224039615 and 6196.
1549
Calculate the greatest common factor of 2160 and 784880.
80
Calculate the greatest common divisor of 121344 and 161536.
256
What is the greatest common factor of 131276 and 358348?
3548
What is the greatest common divisor of 117 and 187227?
9
What is the greatest common factor of 3919900624 and 6568?
6568
What is the greatest common factor of 20948756 and 6700?
268
Calculate the highest common divisor of 24626 and 10135358.
3518
Calculate the greatest common factor of 32281 and 14915.
19
What is the highest common divisor of 170184 and 15912?
24
Calculate the greatest common factor of 564 and 142794648.
564
Calculate the highest common factor of 15752396 and 20.
4
Calculate the highest common divisor of 1841200 and 400.
400
Calculate the greatest common divisor of 12698 and 816396.
14
Calculate the highest common factor of 1847342 and 91567.
889
Calculate the highest common factor of 297 and 64695.
3
What is the greatest common divisor of 4103 and 765586976?
4103
What is the greatest common divisor of 38824 and 309442?
46
Calculate the highest common divisor of 8121 and 48627.
3
Calculate the greatest common factor of 112236 and 3273948.
2388
Calculate the greatest common divisor of 70 and 11972555.
35
What is the highest common divisor of 3343240 and 19466488?
12616
What is the highest common factor of 132 and 444234329?
11
Calculate the highest common divisor of 15573 and 98745.
87
What is the greatest common divisor of 5600 and 432040?
280
Calculate the greatest common divisor of 10950874 and 124.
62
Calculate the greatest common divisor of 55162744 and 84.
28
What is the highest common factor of 55912 and 342664?
232
Calculate the highest common divisor of 1524 and 37837110.
762
Calculate the greatest common factor of 13926060 and 24354.
2214
Calculate the greatest common divisor of 436 and 15491516.
436
What is the highest common factor of 253 and 8965561?
253
What is the highest common divisor of 420 and 104667360?
420
Calculate the greatest common divisor of 234 and 1804914.
18
Calculate the greatest common divisor of 61663 and 18193.
161
What is the greatest common factor of 11150 and 329950?
50
What is the highest common divisor of 1237019753 and 31?
31
What is